 of (-8)/(-36) + 6/(270/289925)?
17, 379
Let z(q) = 6053*q + 454. List the prime factors of z(2).
2, 5, 157
What are the prime factors of -10618*(584/1022 + (-50)/14 + -1)?
2, 5309
Let n(m) = 15*m**2 - 27*m - 5. Let k be n(3). Suppose -k*x + 24892 = -35*x. What are the prime factors of x?
2, 7, 127
Suppose 23*a = 44843 + 126944. Suppose 0 = -9*b + a - 512. What are the prime factors of b?
773
Suppose 7*k - 5 = 12*k + 5*p, 0 = k - 2*p - 11. Suppose -f - 14 = -k*c, -3*f + 5*c - 20 = 2*f. List the prime factors of 18*(-4 + 3)*(-13)/f.
2, 3, 13
Let d(t) = -267*t - 320. List the prime factors of d(-20).
2, 5, 251
Let u be 9/(-6)*1*-2. Let g be (6/2 - 1)*30/20. Suppose s - 2 = 0, -u*m = g*s - 5*s - 335. What are the prime factors of m?
113
List the prime factors of (100/(-14))/((-190)/210140).
2, 5, 79
Let m(k) = -14*k - 111. Let w be m(-8). Let c(h) = -3*h - 1. Let b be c(1). What are the prime factors of 1 - (-115 + w + b + 1)?
2, 59
Let d(c) = 2*c**2 - 33*c - 44. Let u be d(19). Suppose 3*t = l - 99, -u = -l + 4*t + 44. Let j = l + 56. List the prime factors of j.
167
Let p(k) = -489*k - 1067. What are the prime factors of p(-13)?
2, 5, 23
Let p(m) = 247*m**2 + 547*m + 3. List the prime factors of p(-6).
3, 1871
Let n = 127 + -117. Suppose 0 = -3*l + n + 80. Suppose 636 = l*r - 26*r. List the prime factors of r.
3, 53
Let d(t) = 8*t + 11. Let y be d(-1). Suppose -4*o + y*f = -0*o - 354, -2*f + 4 = 0. What are the prime factors of o?
2, 3, 5
List the prime factors of ((10 - 39)/58)/((-2)/524).
131
Let l be 8/(-12)*-3 + 1 - -3. Let q be -1*(3 + l)*-1. Suppose 265 = -4*j + q*j. List the prime factors of j.
53
Suppose -z = -16*z + 83218 + 73907. What are the prime factors of z?
5, 419
Let x = 70460 + -32203. What are the prime factors of x?
67, 571
List the prime factors of (0 - 3/(-6))/((-81)/(-4598046)).
3, 9461
Suppose 7*q = 5*q. Suppose 14*g + 8*g - 21428 = q. List the prime factors of g.
2, 487
Suppose -7*s + 392512 + 22730 = 39*s. List the prime factors of s.
3, 17, 59
Suppose -6*h + 5*p + 34812 = -5*h, 2*h - 69614 = 5*p. What are the prime factors of h?
2, 17401
Let z = 28456 - -40559. What are the prime factors of z?
3, 5, 43, 107
Let g(f) = f**3 - 35*f**2 + 210*f + 10. What are the prime factors of g(34)?
2, 3, 37
Suppose 0 = -2*a - c + 20186, 4*a + 10090 = -4*c + 50450. What are the prime factors of a?
2, 631
Suppose -66 + 48 = -6*r. Let k be 2 - (-422)/(6/r). What are the prime factors of (-2)/(-1) + 1 + k?
2, 3
Suppose 10519 = 13*f - 726. Let x = f + -186. List the prime factors of x.
7, 97
List the prime factors of 2638 - (8 + (1/3 - (-532)/(-84))).
2, 659
Let g(l) = 461*l - 20. List the prime factors of g(14).
2, 3217
Suppose 3*h - 6*h = -4335. Suppose -3*z = 2*z - h. Suppose 44 = 3*u - z. What are the prime factors of u?
3, 37
Let r = -23637 + 34858. List the prime factors of r.
7, 229
Let b be -2 + (0 - 1)*-110. Suppose -97*g + b*g = 8756. List the prime factors of g.
2, 199
Let p = -1 + 5. Let y(v) = -v**2 + 3*v + 6. Let i be y(p). Suppose 5*w = 5*a + 1050, -5*w + 6*a - i*a = -1050. What are the prime factors of w?
2, 3, 5, 7
Suppose 30*h = -0*h + 2223170 - 389270. What are the prime factors of h?
2, 5, 6113
Suppose 0 = -4*j - 168 - 16. Let l = j + 46. Suppose l = -0*x - 9*x + 63. What are the prime factors of x?
7
List the prime factors of (71/(2*1/(-1)))/(27/(-34938)).
71, 647
Suppose 4*f - 181572 = 5*p, -180646 = -4*f + 2*p + 938. What are the prime factors of f?
2, 22699
Let x(o) = -2105*o - 5569. What are the prime factors of x(-4)?
2851
Suppose -17*m - 47 = 21. What are the prime factors of m + 51/(3 - 150/55)?
3, 61
Let l = 629 - 626. What are the prime factors of (l/(12/(-5056)))/(-1)?
2, 79
Let x = 26 + -22. Suppose 3*n + x*v - 200 - 52 = 0, 252 = 3*n - 2*v. List the prime factors of 220/14 - (-24)/n.
2
Let t be (-24)/2*(-33)/4. Let i be 3/2*(3 - t). What are the prime factors of ((-7)/14)/(3/i)?
2, 3
Let w be 13/(-65) - 218/10. List the prime factors of (-2)/w*-2 - (-100899)/99.
1019
Suppose -2*y + 3*b = -16, -y + 2*y - 18 = 4*b. Suppose -y*o - 2*g = -47 - 65, 3*g = 2*o - 122. Let m = 103 - o. What are the prime factors of m?
3, 5
Let d(c) = -c + 2. Let u(p) = 50. Let x(a) = -14*d(a) + 2*u(a). List the prime factors of x(12).
2, 3, 5
Suppose 16 = l + 5*v, 4*l - 7*l + v = 0. List the prime factors of 1*(-2 + l)*(122 + -567).
5, 89
Let p(s) = -6*s + 1. Let u be p(-4). Let n(g) = 40*g - u*g - g - 30. What are the prime factors of n(6)?
2, 3
Let c = 48 + -63. Let o be 1 - (3/c + 4205/25). Let m = o + 305. List the prime factors of m.
2, 3, 23
Let t be (2/7 + (-2340)/(-140))*1. Suppose t*x = 4*x + 5174. What are the prime factors of x?
2, 199
Let f(u) = -7*u - 21. Let j be (-2 + 1)*(0 - -6). Let c be f(j). Suppose -2*d + c = -95. What are the prime factors of d?
2, 29
Suppose -5*v + 50 = -0*v. Let d be 18/90 - (-468)/v. Suppose -o + d + 19 = 0. What are the prime factors of o?
2, 3, 11
Let x(a) = 166*a**2 - 450*a + 3. List the prime factors of x(-6).
3, 11, 263
Let d be (-143)/(-29) - 80/(-1160). List the prime factors of 180306/265*d/2.
3, 7
List the prime factors of (425/(-50))/(-17) - 4054/(-4).
2, 3, 13
Suppose -4*d + 25252 = -9*a + 7*a, 6*d - 2*a = 37882. List the prime factors of d.
3, 5, 421
Suppose -n = -2*b + 139669, 2*b = -2*n + 114307 + 25389. What are the prime factors of b?
7, 11, 907
Let n(o) = -o**2 + 23*o - 112. Let r be n(7). Suppose r = -13*j - 176 + 436. List the prime factors of j.
2, 5
Let c be ((-350)/(-15))/(-7)*-96*5. Suppose -2*d - 1591 = 2*d - 5*t, -4*t = 4*d + c. What are the prime factors of 2/(-8) - d/12?
3, 11
Let v be (-2116)/(-8) - (-3)/6. Suppose 5*s = 3*j + v, 4*j + 35 = 2*s - 85. What are the prime factors of s - ((-1 - 3) + 7)?
47
Let j = -81 - -89. Suppose 0 - j = -2*q. List the prime factors of 699/15 + q/10.
47
Let j(g) = 69*g**3 - 21*g**2 + 23*g - 258. List the prime factors of j(10).
2, 13, 643
Let q(g) = g**2 + 30*g - 136. Let k be q(4). Suppose -281 = -2*l + 319. Suppose 32*x - 30*x - l = k. List the prime factors of x.
2, 3, 5
Suppose 0 = -2*p + 163 + 563. Let j(v) = -v - 4. Let b be j(-4). Suppose -4*m = y - p, 4*m - 361 = -b*y - 3*y. What are the prime factors of m?
7, 13
Let l(q) = 16*q - 10. Suppose 10 = 3*p + p - w, 2*w - 4 = 0. What are the prime factors of l(p)?
2, 19
Let z = 799 + -796. Let c be 4/(-14) - (-46)/14. Suppose 0*j = 5*j + c*g - 168, -z*j + 112 = -g. List the prime factors of j.
2, 3
Let o(z) be the first derivative of -z**2 + 228*z - 6. Let k be o(0). Suppose -5*i + k = -i. What are the prime factors of i?
3, 19
Suppose -20*z = -24*z + 520. Let s = 250 - z. What are the prime factors of s?
2, 3, 5
Let w(g) = 26*g - 60. Let y be w(10). Let b = y - 145. List the prime factors of b.
5, 11
Let r(o) = -o**3 - 10*o**2 - 13. Let f be r(-6). Let p = f - -236. List the prime factors of p.
79
Let n = -112 - -100. Let t be 6/(-21) - n/42. Suppose -f + 2*v - 4*v + 246 = 0, t = 4*f + 4*v - 984. What are the prime factors of f?
2, 3, 41
Let h be 282 + (-7 + 6 - 0). Let a = 396 - h. What are the prime factors of a?
5, 23
List the prime factors of (-2)/(-7) - ((-25194)/119 + 1).
211
Let r = -144 + 159. Suppose -r + 57 = 2*c. List the prime factors of c.
3, 7
List the prime factors of (-6426)/(-1377)*(-38814)/(-7).
2, 6469
Let a = 2332 + -1373. List the prime factors of a.
7, 137
Let c = -17 - 20. Let h = c + 28. Let g = -2 - h. List the prime factors of g.
7
Let c(r) = 53*r + 21. Let f(k) = 17*k + 7. Let v(d) = 2*c(d) - 7*f(d). Suppose -13 = 4*n - 3*l, 0*n + 8 = n - 3*l. What are the prime factors of v(n)?
2, 3, 7
Suppose -45 = -9*l + 36. Let z(t) = -3*t - 13 + 24 + 2*t**2 - 7. List the prime factors of z(l).
139
Suppose -83 = -y + 60. Let w = y + 13. List the prime factors of w.
2, 3, 13
Let x = -105 - -250. Suppose -3*z - 315 = 6*z. Let p = z + x. What are the prime factors of p?
2, 5, 11
Let c = -375 - -377. Suppose c*z = 7*z - 2240. What are the prime factors of z?
2, 7
Suppose 2*g = 13*p - 11*p - 22672, p - 11336 = 2*g. List the prime factors of p.
2, 13, 109
Let k = -9860 + 21907. What are the prime factors of k?
7, 1721
Let p be (-3362)/(-18) - (4 + 76/(-18)). Let w be p/77 - 3/7. Suppose w*r - 7*r + 514 = 2*d, -2*r + d = -211. List the prime factors of r.
2, 13
Let g(